 - 11*t - 2*c - 22, -5*t = -4*c - 54. Let r(a) = 10*a**3 - 12*a**2 - 3*a + 9. Is r(t) prime?
True
Let f be 3*(-798)/36*-42. Suppose -2*u - 4*h = -2974, -f = -4*u - 4*h + 3135. Is u a prime number?
False
Let l(d) = 1944 + 2*d**2 + 1668 + 2*d + 1488 + 4*d**3 + 2767 - 5*d**3. Is l(0) a prime number?
True
Let s(y) = -3208*y - 505. Is s(-62) a prime number?
True
Let x = 288 - 248. Is 120/x*2054/6 composite?
True
Let z(r) = 677*r**3 + 32*r**2 - 8*r - 4. Is z(3) a composite number?
False
Let v(w) = 2818*w**3 + 5*w**2 + 87*w - 509. Is v(5) composite?
False
Let x = 400869 - 280388. Is x a composite number?
True
Suppose 21*t + 350560 = 72562. Is (-2)/(20/10 + 26480/t) a composite number?
False
Let n be (10/(-30))/((-2)/30). Suppose -882 - 568 = -n*b. Let v = 1141 - b. Is v prime?
False
Suppose 2*p + 10 = 3*p. Suppose -b + p = -1. Suppose 5908 = b*w - 7*w. Is w a composite number?
True
Suppose -2*y + 5*y + 1788 = 0. Let s = 15723 + y. Is s a composite number?
True
Is (-9410764)/(-84) - -4*(-7)/(-294) a prime number?
False
Suppose 2*f + 4*u - 2203118 = 0, -4538251 = -4*f + 3*u - 132015. Is f a prime number?
True
Suppose 4*r + 197 = -2*d - 27, -2*d = 2*r + 232. Is ((-8663)/(-2))/((-60)/d) composite?
False
Let y(a) = 4777*a**2 - 2*a + 1. Let s be y(-1). Let m = s - -1767. Is m prime?
True
Suppose -19*k + 2439247 = 43214. Is k composite?
False
Let m be -93*(7/(-49) + 67/(-21)). Let w = 501 - m. Is w a prime number?
True
Let n = 59606 + -14125. Is n a prime number?
True
Suppose 5*n = -2*w + 47826 + 14385, -5*n = -w - 62217. Is n a prime number?
False
Let y = 79496 - 41889. Is y composite?
False
Suppose -21*j + 49256 = -634063. Suppose 33*g - 46*g + j = 0. Is g prime?
True
Let a = 571 + 32436. Is a a prime number?
False
Let i = -533 + 540. Suppose 0*d = -i*d + 11921. Is d a prime number?
False
Let i(b) = 388*b**3 + b**2 + 10*b + 3. Let k be i(-4). Let a = k + 35443. Suppose 0*n - 6*n + a = 0. Is n a prime number?
False
Let v = -22958 - -32935. Is v composite?
True
Suppose k + 15*k - 25*k = -5163435. Is k prime?
False
Let j(z) = z + 7. Let s be j(-5). Suppose -g + 214 = -5*v, 5*v + s*g = -g - 218. Is (-59)/(v/(-11) + -4) a prime number?
False
Let q = 1683166 - 1074780. Is q composite?
True
Let h be -57*(-3)/9 + -5. Let n(t) = -43*t**2 + 7 - 2*t**3 + 7*t**3 - h*t - 2*t**3 + 49*t**2. Is n(6) composite?
False
Let t be (-3)/4 - (2 + (-33)/12). Suppose 8*g - 11*g + 14769 = t. Suppose 5893 = 3*n + 3*c + 991, 4*c = 3*n - g. Is n a composite number?
False
Let w(d) = 2*d**2 - 11*d - 21. Let c = 118 - 111. Let j be w(c). Suppose 4*p = -p - 3*r + 4354, j = -5*p + 5*r + 4330. Is p prime?
False
Suppose -4*o = 4*u - 116, 0*u + 2*u + 131 = 5*o. Suppose -o*a - 5292 = -373383. Is a a prime number?
True
Suppose -5*y + 15*y = 40. Suppose 9*x = -y*x + 115349. Is x a composite number?
True
Let a = 324942 + -199975. Is a a composite number?
True
Let o = -19967 + 52458. Is o prime?
True
Let t(j) = 149*j - 126. Let x(p) = -298*p + 253. Let g(k) = 5*t(k) + 3*x(k). Is g(-32) a prime number?
False
Let z(j) be the second derivative of -2*j**3/3 - 16*j**2 - 10*j. Let d be z(-10). Is (-4476)/(-8)*d/12 composite?
False
Let z(x) = x**2 + 32*x + 5. Let l be z(-32). Let g be 5 + -1 + -7 + l. Is -1 - (4 - 546) - 6/g a composite number?
True
Let j be (-2)/11 - (-1956)/(-11). Let p = -51 - j. Is p prime?
True
Suppose 4*x + 8 = -0*x. Let d = x - 8. Let m(j) = -143*j - 31. Is m(d) a composite number?
False
Suppose 36*q + 45*q - 3*q - 7789938 = 0. Is q prime?
True
Let j be (-184)/(-6)*((-45)/2)/5. Let v = -141 - j. Is ((-12)/(-6) + v)*(-1632 + -1) a prime number?
False
Let x = -180 - -184. Suppose 5*j + 5*z - 10245 = 0, 0 = 4*j - x*z - 8046 - 118. Is j a prime number?
False
Let l be 30/20*(1 - 0)*-2. Let m(o) = 6*o**2 - 5*o - 1. Let j be m(l). Suppose -j*z + 2721 = -65*z. Is z a composite number?
False
Is 80918/((-2)/1)*(24 - 1 - 24) prime?
True
Suppose c + 1216248 = 3*f - 65203, 4*c = 8. Is f prime?
True
Suppose 9*w - 1178 = 24949. Suppose 0 = 13*v + 160 - w. Is v a prime number?
True
Let v be 504/(-210) - 3/(30/(-4)). Is 3/12*0 + v + 255 prime?
False
Suppose 23*x + 1 = 22*x. Let i be 3/x + 4 + 2 + -4. Is (-258)/(-1) + (-4)/(-2) + i prime?
False
Let b = -253 - -255. Let l(h) = 173*h - 37. Is l(b) a composite number?
True
Suppose 9 = 3*a, 4*f - a - 82 = -f. Suppose 0 = -5*v - 15, 0*q + 4*q + f = v. Is q/(-15)*0 + 629 composite?
True
Let w(l) = l**2 + 21*l + 40. Let q be w(-19). Let v(m) = m**2 - 4*m + 8. Let n be v(q). Suppose 9*f = -5*b + n*f + 10165, -2*b + 4066 = f. Is b prime?
False
Let r be (266/(-57))/((-1)/(-21)*-2). Let x = 160 - r. Is x prime?
False
Let r = 16 - -12. Suppose 33*c - 17460 = r*c. Is (-1*1)/(-3*6/c) a prime number?
False
Let u(c) = 9*c**2 - c + 4. Let h be (-4)/((-8)/6) - (-3 - -11). Let f be u(h). Suppose f*t + 163 = 235*t. Is t a composite number?
False
Let g(m) = 101*m**2 + 20*m - 74. Is g(15) a composite number?
True
Let f = 439 - 426. Suppose 860 = f*m - 739. Is m a prime number?
False
Let k(r) = -414*r**3 - 7*r**2 + 17*r + 79. Is k(-6) prime?
False
Let l(j) = -2*j**2 + 14*j + 8. Let v be (-2)/(((-10)/(-8))/(-5)). Let h be l(v). Let w(s) = -3*s**3 + 7*s**2 - 22*s - 11. Is w(h) a composite number?
True
Let l = 300150 - 12979. Is l a composite number?
True
Let g(a) = -405*a + 293. Is g(-14) a prime number?
False
Suppose 0*z = -2*z - 5*w + 38447, 4*w - 76936 = -4*z. Is z composite?
True
Let b(u) = 25*u**2 + 20*u - 1. Let c be b(11). Let w = c - 1397. Is w a composite number?
False
Let n be 16/(-4) - 1578/(5 - -1). Let l = 160 - n. Is l prime?
False
Is (-1269)/(-81)*(6609 - (2 - 2)) prime?
False
Suppose -1018 + 8695 = -3*d. Let k = d + 1187. Let x = 27 - k. Is x a prime number?
True
Suppose -4*q + 2 + 6 = 0. Suppose -3*k + 8 = 4*y, -y - q*k = k - 2. Is y*-307*(-5)/10 a prime number?
True
Let j be ((-5)/(-10))/(1/4). Let i be 2*4/16*0. Suppose i = j*b + 50 - 840. Is b a prime number?
False
Let o(s) = 29*s**3 - 11*s**2 - 65*s + 274. Is o(9) prime?
False
Suppose -121*y = -8703237 - 362446. Is y composite?
False
Suppose 4*a = 2*a + 10. Suppose 3*s = -8 + a. Is s - -6 - (-4 + 6) a prime number?
True
Let o = 237030 + -48857. Is o prime?
False
Let y be 640/(-35) + 2/7. Let h = -14 - y. Suppose h*t = 5*t - 235. Is t a composite number?
True
Suppose 2*z + 2*z - 388 = 0. Let b = 105 - z. Suppose -5*x = -25, 3*i + 2*x + 3460 = b*i. Is i a prime number?
False
Suppose -3*z - 2*j + 134285 = 29352, 0 = -2*z + 3*j + 69977. Is z composite?
False
Suppose -4*b + 27 = x + 29, 3*x = 5*b + 11. Suppose x*h + 0*w - 877 = 5*w, 2*h - 901 = -3*w. Is h prime?
False
Let o be (-21)/14*-2 - -1*1. Suppose 16 = -o*a, 3*m + 3*a - 76 - 71 = 0. Is m a prime number?
True
Suppose -3579218 = 9*i - 11116691. Is i prime?
True
Suppose 9 = -2*r - r - 3*f, 0 = 3*f + 15. Let u be 1*(3 - -5)*(r - -1). Suppose -u*l = -26*l + 818. Is l prime?
True
Let x(b) = b**2 + 17*b - 78. Let s be x(5). Is (-46272)/(-21) + -1 - s/(-56) prime?
True
Suppose 40*l + 58*l - 5163100 = -2*l. Is l prime?
True
Let p be 66 - 63 - 38/(-2). Suppose -66079 = -p*c - 15281. Is c a prime number?
True
Let x(q) be the third derivative of -131*q**4/12 - 73*q**3/6 - 14*q**2 - 2*q. Is x(-6) composite?
False
Suppose 5*o + 4*u - 101773 = 0, -6*o = -10*o - 4*u + 81420. Is o a composite number?
False
Suppose -q + 107585 = -3*i, 5*q + 170259 = -3*i + 708076. Is q a prime number?
False
Let o(p) = -32 - 26 + 933*p - 35 - 7 + 65. Is o(2) a prime number?
True
Suppose -2*l = 2*j - 31832, -3*j = -2*j + 5*l - 15928. Is j a composite number?
False
Suppose -5*l + 5*a + 3112795 = 0, -14*l + 4*a + 622577 = -13*l. Is l prime?
False
Let z(p) = 2967*p**2 - 41*p - 9. Is z(-5) composite?
True
Suppose 12645769 = -910*m + 939*m. Is m a composite number?
False
Let q = 414348 - 241255. Is q a prime number?
False
Suppose 18*g - 2608556 = 1814242. Is g a prime number?
True
Suppose 3 + 45 = 2*k. Let j(s) = 8 + 7 + 10 + 145*s - k. Is j(1) a prime number?
False
Suppose 1 = i - 2, -5*m - 4*i + 6152 = 0. Suppose -n - m = -5*q + 7*q, -n + 1852 = -3*q. Let x = -27 - q. Is x a composite number?
True
Is 2/6*(32 + 32695) prime?
True
Let n = 295252 - 166551. Is n a composite number?
True
Suppose 0 = 3580*o - 3571*o - 215565 - 719076. Is o a prime number?
False
Let g(z) = -236*z**3 - z + 3.